{"id":61,"date":"2020-02-02T23:04:55","date_gmt":"2020-02-02T22:04:55","guid":{"rendered":"http:\/\/schlossparklauf.org\/?page_id=61"},"modified":"2024-04-17T21:08:57","modified_gmt":"2024-04-17T19:08:57","slug":"zeitplan","status":"publish","type":"page","link":"https:\/\/schlossparklauf.org\/?page_id=61","title":{"rendered":"Zeitplan 2024"},"content":{"rendered":"\n<p><\/p>\n\n\n\n<figure class=\"wp-block-table\"><table><tbody><tr><td><span style=\"color:#888\" class=\"tadv-color\">12.00<\/span><\/td><td><\/td><td><span style=\"color:#888\" class=\"tadv-color\">Beginn Startnummernausgabe<\/span><\/td><\/tr><tr><td>13.30<\/td><td>400m<\/td><td>Bambinilauf M\u00e4dchen (Jahrgang 2017 und j\u00fcnger)<\/td><\/tr><tr><td>13.40<\/td><td>400m<\/td><td>Bambinilauf Jungen (Jahrgang 2017 und j\u00fcnger)<\/td><\/tr><tr><td>13.50<\/td><td>7,5 km<\/td><td>Walking<\/td><\/tr><tr><td>14.00<\/td><td>0,9 km<\/td><td>Zwergenlauf U10<br>( Jahrgang 2015 \/ 2016)<\/td><\/tr><tr><td>14.10<\/td><td>0,9 km<\/td><td>Kids-Run U12<br>( Jahrgang 2013 \/ 2014)<\/td><\/tr><tr><td>14.15<\/td><td>0,9 km<\/td><td>Sch\u00fclerlauf U12 und U14<br>( Jahrgang 2011 \/ 2012)<\/td><\/tr><tr><td><span style=\"color:#888\" class=\"tadv-color\">14.30<\/span><\/td><td><\/td><td><span style=\"color:#888\" class=\"tadv-color\">Siegerehrung 0,9 km Lauf<\/span><\/td><\/tr><tr><td>15.20<\/td><td>5 km <\/td><td>Volks- und Jugendlauf <br>der Sparkasse am Niederrhein<\/td><\/tr><tr><td>16.10<\/td><td><\/td><td><span class=\"tadv-color\" style=\"color:#888\">Siegerehrung 5 km und Firmenwertung<\/span><\/td><\/tr><tr><td>16.30<\/td><td>10 km<\/td><td>enni.Schlossparklauf<\/td><\/tr><tr><td><span class=\"tadv-color\" style=\"color:#888\">16.40<\/span><\/td><td><\/td><td><span class=\"tadv-color\" style=\"color:#888\">Siegerehrung 5 km Jugendlauf<\/span><\/td><\/tr><tr><td><span style=\"color:#888\" class=\"tadv-color\">17.20<\/span><\/td><td><\/td><td><span style=\"color:#888\" class=\"tadv-color\">Siegerehrung 10 km<\/span><\/td><\/tr><\/tbody><\/table><\/figure>\n\n\n\n<p><\/p>\n","protected":false},"excerpt":{"rendered":"<p>12.00 Beginn Startnummernausgabe 13.30 400m Bambinilauf M\u00e4dchen (Jahrgang 2017 und j\u00fcnger) 13.40 400m Bambinilauf Jungen (Jahrgang 2017 und j\u00fcnger) 13.50 7,5 km Walking 14.00 0,9 km Zwergenlauf U10( Jahrgang 2015 \/ 2016) 14.10 0,9 km Kids-Run U12( Jahrgang 2013 \/ 2014) 14.15 0,9 km Sch\u00fclerlauf U12 und U14( Jahrgang 2011 \/ 2012) 14.30 Siegerehrung 0,9 [&hellip;]<\/p>\n","protected":false},"author":1,"featured_media":0,"parent":0,"menu_order":0,"comment_status":"closed","ping_status":"closed","template":"","meta":{"footnotes":""},"class_list":["post-61","page","type-page","status-publish","hentry","post-preview"],"_links":{"self":[{"href":"https:\/\/schlossparklauf.org\/index.php?rest_route=\/wp\/v2\/pages\/61","targetHints":{"allow":["GET"]}}],"collection":[{"href":"https:\/\/schlossparklauf.org\/index.php?rest_route=\/wp\/v2\/pages"}],"about":[{"href":"https:\/\/schlossparklauf.org\/index.php?rest_route=\/wp\/v2\/types\/page"}],"author":[{"embeddable":true,"href":"https:\/\/schlossparklauf.org\/index.php?rest_route=\/wp\/v2\/users\/1"}],"replies":[{"embeddable":true,"href":"https:\/\/schlossparklauf.org\/index.php?rest_route=%2Fwp%2Fv2%2Fcomments&post=61"}],"version-history":[{"count":19,"href":"https:\/\/schlossparklauf.org\/index.php?rest_route=\/wp\/v2\/pages\/61\/revisions"}],"predecessor-version":[{"id":749,"href":"https:\/\/schlossparklauf.org\/index.php?rest_route=\/wp\/v2\/pages\/61\/revisions\/749"}],"wp:attachment":[{"href":"https:\/\/schlossparklauf.org\/index.php?rest_route=%2Fwp%2Fv2%2Fmedia&parent=61"}],"curies":[{"name":"wp","href":"https:\/\/api.w.org\/{rel}","templated":true}]}}